{"id":5373,"date":"2025-06-26T21:27:21","date_gmt":"2025-06-26T19:27:21","guid":{"rendered":"https:\/\/fpvicentemoya.es\/formacion\/?page_id=5373"},"modified":"2025-07-02T10:58:18","modified_gmt":"2025-07-02T08:58:18","slug":"cours-dinitiation-a-laudiologie","status":"publish","type":"page","link":"https:\/\/fpvicentemoya.es\/formacion\/index.php\/fr\/cours-dinitiation-a-laudiologie\/","title":{"rendered":"COURS D&#8217;INITIATION \u00c0 L&#8217;AUDIOLOGIE"},"content":{"rendered":"\t\t<div data-elementor-type=\"wp-page\" data-elementor-id=\"5373\" class=\"elementor elementor-5373\" data-elementor-post-type=\"page\">\n\t\t\t\t\t\t<section class=\"elementor-section elementor-top-section elementor-element elementor-element-ad44a30 elementor-section-full_width elementor-section-height-default elementor-section-height-default\" data-id=\"ad44a30\" data-element_type=\"section\">\n\t\t\t\t\t\t<div class=\"elementor-container elementor-column-gap-default\">\n\t\t\t\t\t<div class=\"elementor-column elementor-col-100 elementor-top-column elementor-element elementor-element-bb14c69\" data-id=\"bb14c69\" data-element_type=\"column\">\n\t\t\t<div class=\"elementor-widget-wrap elementor-element-populated\">\n\t\t\t\t\t\t<div class=\"elementor-element elementor-element-93ad974 elementor-align-center elementor-widget elementor-widget-button\" data-id=\"93ad974\" data-element_type=\"widget\" data-widget_type=\"button.default\">\n\t\t\t\t<div class=\"elementor-widget-container\">\n\t\t\t\t\t\t\t\t\t<div class=\"elementor-button-wrapper\">\n\t\t\t\t\t<a class=\"elementor-button elementor-button-link elementor-size-sm\" href=\"https:\/\/docs.google.com\/forms\/d\/e\/1FAIpQLSeyooGjCxBKuKT9tXVyxf9bFG7z-mfkpkFQbQfwKeq1JsYuLQ\/viewform\" target=\"_blank\">\n\t\t\t\t\t\t<span class=\"elementor-button-content-wrapper\">\n\t\t\t\t\t\t\t\t\t<span class=\"elementor-button-text\">S'inscrire au cours<\/span>\n\t\t\t\t\t<\/span>\n\t\t\t\t\t<\/a>\n\t\t\t\t<\/div>\n\t\t\t\t\t\t\t\t<\/div>\n\t\t\t\t<\/div>\n\t\t\t\t<div class=\"elementor-element elementor-element-7988405 elementor-align-center elementor-widget elementor-widget-button\" data-id=\"7988405\" data-element_type=\"widget\" data-widget_type=\"button.default\">\n\t\t\t\t<div class=\"elementor-widget-container\">\n\t\t\t\t\t\t\t\t\t<div class=\"elementor-button-wrapper\">\n\t\t\t\t\t<a class=\"elementor-button elementor-button-link elementor-size-sm\" href=\"https:\/\/campus.fpvicentemoya.es\/course\/view.php?id=6\" target=\"_blank\" rel=\"nofollow\">\n\t\t\t\t\t\t<span class=\"elementor-button-content-wrapper\">\n\t\t\t\t\t\t\t\t\t<span class=\"elementor-button-text\">ACC\u00c8S AU COURS ET AUX COURS EN DIRECT.<\/span>\n\t\t\t\t\t<\/span>\n\t\t\t\t\t<\/a>\n\t\t\t\t<\/div>\n\t\t\t\t\t\t\t\t<\/div>\n\t\t\t\t<\/div>\n\t\t\t\t<div class=\"elementor-element elementor-element-72089d8 elementor-widget elementor-widget-heading\" data-id=\"72089d8\" data-element_type=\"widget\" data-widget_type=\"heading.default\">\n\t\t\t\t<div class=\"elementor-widget-container\">\n\t\t\t\t\t<h2 class=\"elementor-heading-title elementor-size-default\">Formation professionnelle Vicente Moya<\/h2>\t\t\t\t<\/div>\n\t\t\t\t<\/div>\n\t\t\t\t<div class=\"elementor-element elementor-element-4693899 elementor-widget elementor-widget-text-editor\" data-id=\"4693899\" data-element_type=\"widget\" data-widget_type=\"text-editor.default\">\n\t\t\t\t<div class=\"elementor-widget-container\">\n\t\t\t\t\t\t\t\t\t<p style=\"text-align: center;\">\u00ab Nous soutenons les objectifs acad\u00e9miques et professionnels de nos \u00e9tudiants. \u00bb<\/p>\t\t\t\t\t\t\t\t<\/div>\n\t\t\t\t<\/div>\n\t\t\t\t<div class=\"elementor-element elementor-element-59b3adb elementor-widget-divider--view-line elementor-widget elementor-widget-divider\" data-id=\"59b3adb\" data-element_type=\"widget\" data-widget_type=\"divider.default\">\n\t\t\t\t<div class=\"elementor-widget-container\">\n\t\t\t\t\t\t\t<div class=\"elementor-divider\">\n\t\t\t<span class=\"elementor-divider-separator\">\n\t\t\t\t\t\t<\/span>\n\t\t<\/div>\n\t\t\t\t\t\t<\/div>\n\t\t\t\t<\/div>\n\t\t\t\t\t<\/div>\n\t\t<\/div>\n\t\t\t\t\t<\/div>\n\t\t<\/section>\n\t\t\t\t<section class=\"elementor-section elementor-top-section elementor-element elementor-element-ccc03eb elementor-section-boxed elementor-section-height-default elementor-section-height-default\" data-id=\"ccc03eb\" data-element_type=\"section\">\n\t\t\t\t\t\t<div class=\"elementor-container elementor-column-gap-default\">\n\t\t\t\t\t<div class=\"elementor-column elementor-col-100 elementor-top-column elementor-element elementor-element-65cab3d\" data-id=\"65cab3d\" data-element_type=\"column\">\n\t\t\t<div class=\"elementor-widget-wrap elementor-element-populated\">\n\t\t\t\t\t\t<div class=\"elementor-element elementor-element-e6a80c9 elementor-tabs-view-horizontal elementor-widget elementor-widget-tabs\" data-id=\"e6a80c9\" data-element_type=\"widget\" data-widget_type=\"tabs.default\">\n\t\t\t\t<div class=\"elementor-widget-container\">\n\t\t\t\t\t\t\t<div class=\"elementor-tabs\">\n\t\t\t<div class=\"elementor-tabs-wrapper\" role=\"tablist\" >\n\t\t\t\t\t\t\t\t\t<div id=\"elementor-tab-title-2411\" class=\"elementor-tab-title elementor-tab-desktop-title\" aria-selected=\"true\" data-tab=\"1\" role=\"tab\" tabindex=\"0\" aria-controls=\"elementor-tab-content-2411\" aria-expanded=\"false\">General<\/div>\n\t\t\t\t\t\t\t\t\t<div id=\"elementor-tab-title-2412\" class=\"elementor-tab-title elementor-tab-desktop-title\" aria-selected=\"false\" data-tab=\"2\" role=\"tab\" tabindex=\"-1\" aria-controls=\"elementor-tab-content-2412\" aria-expanded=\"false\">Contenu<\/div>\n\t\t\t\t\t\t\t\t\t<div id=\"elementor-tab-title-2413\" class=\"elementor-tab-title elementor-tab-desktop-title\" aria-selected=\"false\" data-tab=\"3\" role=\"tab\" tabindex=\"-1\" aria-controls=\"elementor-tab-content-2413\" aria-expanded=\"false\">Exigences<\/div>\n\t\t\t\t\t\t\t\t\t<div id=\"elementor-tab-title-2414\" class=\"elementor-tab-title elementor-tab-desktop-title\" aria-selected=\"false\" data-tab=\"4\" role=\"tab\" tabindex=\"-1\" aria-controls=\"elementor-tab-content-2414\" aria-expanded=\"false\">Calendrier<\/div>\n\t\t\t\t\t\t\t<\/div>\n\t\t\t<div class=\"elementor-tabs-content-wrapper\" role=\"tablist\" aria-orientation=\"vertical\">\n\t\t\t\t\t\t\t\t\t<div class=\"elementor-tab-title elementor-tab-mobile-title\" aria-selected=\"true\" data-tab=\"1\" role=\"tab\" tabindex=\"0\" aria-controls=\"elementor-tab-content-2411\" aria-expanded=\"false\">General<\/div>\n\t\t\t\t\t<div id=\"elementor-tab-content-2411\" class=\"elementor-tab-content elementor-clearfix\" data-tab=\"1\" role=\"tabpanel\" aria-labelledby=\"elementor-tab-title-2411\" tabindex=\"0\" hidden=\"false\"><p>La qualification obtenue gr\u00e2ce \u00e0 cette formation vous permet d&#8217;exercer en tant que conseiller technique en audiologie.<\/p><p>D\u00e9bouch\u00e9s offerts par cette formation\u00a0:<br \/>Conseiller technique et commercial en cabinet, laboratoire ou distributeur d&#8217;appareils auditifs.<\/p><\/div>\n\t\t\t\t\t\t\t\t\t<div class=\"elementor-tab-title elementor-tab-mobile-title\" aria-selected=\"false\" data-tab=\"2\" role=\"tab\" tabindex=\"-1\" aria-controls=\"elementor-tab-content-2412\" aria-expanded=\"false\">Contenu<\/div>\n\t\t\t\t\t<div id=\"elementor-tab-content-2412\" class=\"elementor-tab-content elementor-clearfix\" data-tab=\"2\" role=\"tabpanel\" aria-labelledby=\"elementor-tab-title-2412\" tabindex=\"0\" hidden=\"hidden\"><p>Modules abord\u00e9s dans le cours\u00a0:<br \/>INTRODUCTION\u00a0: TERMES ET AMPLEURS EN AUDIOLOGIE<br \/>TYPES ET CAUSES DE LA PERTE AUDITIVE<br \/>TESTS DIAGNOSTIQUES<br \/>EXAMEN DU PATIENT<br \/>EMBOUTS, MAT\u00c9RIAUX, TYPES D&#8217;APPAREILS AUDITIFS ET CHOIX D&#8217;APPAREILS<br \/>BOUCHONS D&#8217;OREILLES ET BOUCHONS ANTIBRUIT<br \/>PSYCHOLOGIE ET \u200b\u200bCARACT\u00c9RISTIQUES DU PATIENT SOUFFRANT D&#8217;UNE MALADIE AUDITIVE<br \/>CONSEIL AU PATIENT ET COLLABORATION AVEC D&#8217;AUTRES PROFESSIONNELS<br \/>CHOIX D&#8217;APPAREILS AUDITIFS<br \/>PROGRAMMATION D&#8217;APPAREILS AUDITIFS<br \/>ENTRETIEN DES APPAREILS AUDITIFS<br \/>EXAMEN DES APPAREILS ET R\u00c9ADAPTATION AUDITIVE<br \/>R\u00c9PARATION D&#8217;APPAREILS AUDITIFS<br \/>ACCESSOIRES POUR APPAREILS AUDITIFS<br \/>MARKETING EN AUDIOLOGIE<br \/>VENTE D&#8217;APPAREILS AUDITIFS<\/p><\/div>\n\t\t\t\t\t\t\t\t\t<div class=\"elementor-tab-title elementor-tab-mobile-title\" aria-selected=\"false\" data-tab=\"3\" role=\"tab\" tabindex=\"-1\" aria-controls=\"elementor-tab-content-2413\" aria-expanded=\"false\">Exigences<\/div>\n\t\t\t\t\t<div id=\"elementor-tab-content-2413\" class=\"elementor-tab-content elementor-clearfix\" data-tab=\"3\" role=\"tabpanel\" aria-labelledby=\"elementor-tab-title-2413\" tabindex=\"0\" hidden=\"hidden\"><p style=\"text-align: left;\"><strong>Conditions d&#8217;admission<\/strong><br \/>Aucune connaissance ni exp\u00e9rience pr\u00e9alable n&#8217;est requise. Tout niveau acad\u00e9mique ant\u00e9rieur est acceptable.<\/p><\/div>\n\t\t\t\t\t\t\t\t\t<div class=\"elementor-tab-title elementor-tab-mobile-title\" aria-selected=\"false\" data-tab=\"4\" role=\"tab\" tabindex=\"-1\" aria-controls=\"elementor-tab-content-2414\" aria-expanded=\"false\">Calendrier<\/div>\n\t\t\t\t\t<div id=\"elementor-tab-content-2414\" class=\"elementor-tab-content elementor-clearfix\" data-tab=\"4\" role=\"tabpanel\" aria-labelledby=\"elementor-tab-title-2414\" tabindex=\"0\" hidden=\"hidden\"><p>El periodo de matr\u00edcula est\u00e1 abierto actualmente cons\u00faltanos.<\/p><\/div>\n\t\t\t\t\t\t\t<\/div>\n\t\t<\/div>\n\t\t\t\t\t\t<\/div>\n\t\t\t\t<\/div>\n\t\t\t\t<div class=\"elementor-element elementor-element-f68e27c elementor-widget-divider--view-line elementor-widget elementor-widget-divider\" data-id=\"f68e27c\" data-element_type=\"widget\" data-widget_type=\"divider.default\">\n\t\t\t\t<div class=\"elementor-widget-container\">\n\t\t\t\t\t\t\t<div class=\"elementor-divider\">\n\t\t\t<span class=\"elementor-divider-separator\">\n\t\t\t\t\t\t<\/span>\n\t\t<\/div>\n\t\t\t\t\t\t<\/div>\n\t\t\t\t<\/div>\n\t\t\t\t\t<\/div>\n\t\t<\/div>\n\t\t\t\t\t<\/div>\n\t\t<\/section>\n\t\t\t\t<section class=\"elementor-section elementor-top-section elementor-element elementor-element-aa38996 elementor-section-boxed elementor-section-height-default elementor-section-height-default\" data-id=\"aa38996\" data-element_type=\"section\">\n\t\t\t\t\t\t<div class=\"elementor-container elementor-column-gap-default\">\n\t\t\t\t\t<div class=\"elementor-column elementor-col-100 elementor-top-column elementor-element elementor-element-79b9a54\" data-id=\"79b9a54\" data-element_type=\"column\">\n\t\t\t<div class=\"elementor-widget-wrap elementor-element-populated\">\n\t\t\t\t\t\t<div class=\"elementor-element elementor-element-70f3679 elementor-widget elementor-widget-text-editor\" data-id=\"70f3679\" data-element_type=\"widget\" data-widget_type=\"text-editor.default\">\n\t\t\t\t<div class=\"elementor-widget-container\">\n\t\t\t\t\t\t\t\t\t<h3><strong>D\u00e9velopper les informations<\/strong><\/h3>\t\t\t\t\t\t\t\t<\/div>\n\t\t\t\t<\/div>\n\t\t\t\t<div class=\"elementor-element elementor-element-f060ab1 elementor-widget elementor-widget-shortcode\" data-id=\"f060ab1\" data-element_type=\"widget\" data-widget_type=\"shortcode.default\">\n\t\t\t\t<div class=\"elementor-widget-container\">\n\t\t\t\t\t\t\t<div class=\"elementor-shortcode\">\n<div class=\"wpcf7 no-js\" id=\"wpcf7-f5382-o1\" lang=\"en-US\" dir=\"ltr\" data-wpcf7-id=\"5382\">\n<div class=\"screen-reader-response\"><p role=\"status\" aria-live=\"polite\" aria-atomic=\"true\"><\/p> <ul><\/ul><\/div>\n<form action=\"\/formacion\/index.php\/wp-json\/wp\/v2\/pages\/5373#wpcf7-f5382-o1\" method=\"post\" class=\"wpcf7-form init\" aria-label=\"Contact form\" novalidate=\"novalidate\" data-status=\"init\">\n<fieldset class=\"hidden-fields-container\"><input type=\"hidden\" name=\"_wpcf7\" value=\"5382\" \/><input type=\"hidden\" name=\"_wpcf7_version\" value=\"6.1\" \/><input type=\"hidden\" name=\"_wpcf7_locale\" value=\"en_US\" \/><input type=\"hidden\" name=\"_wpcf7_unit_tag\" value=\"wpcf7-f5382-o1\" \/><input type=\"hidden\" name=\"_wpcf7_container_post\" value=\"0\" \/><input type=\"hidden\" name=\"_wpcf7_posted_data_hash\" value=\"\" \/>\n<\/fieldset>\n<p><span class=\"wpcf7-form-control-wrap\" data-name=\"your-name\"><input size=\"40\" maxlength=\"400\" class=\"wpcf7-form-control wpcf7-text wpcf7-validates-as-required\" aria-required=\"true\" aria-invalid=\"false\" placeholder=\"Nom*\" value=\"\" type=\"text\" name=\"your-name\" \/><\/span>\n<\/p>\n<p><span class=\"wpcf7-form-control-wrap\" data-name=\"your-email\"><input size=\"40\" maxlength=\"400\" class=\"wpcf7-form-control wpcf7-email wpcf7-validates-as-required wpcf7-text wpcf7-validates-as-email\" aria-required=\"true\" aria-invalid=\"false\" placeholder=\"Email *\" value=\"\" type=\"email\" name=\"your-email\" \/><\/span>\n<\/p>\n<p><span class=\"wpcf7-form-control-wrap\" data-name=\"Telefono\"><input size=\"40\" maxlength=\"400\" class=\"wpcf7-form-control wpcf7-tel wpcf7-validates-as-required wpcf7-text wpcf7-validates-as-tel\" aria-required=\"true\" aria-invalid=\"false\" placeholder=\"T\u00e9l\u00e9phone*\" value=\"\" type=\"tel\" name=\"Telefono\" \/><\/span>\n<\/p>\n<p>Marquez le ou les cours qui vous int\u00e9ressent\n<\/p>\n<p><br \/>\n<span class=\"wpcf7-form-control-wrap\" data-name=\"Curso_De_Interes\"><span class=\"wpcf7-form-control wpcf7-checkbox wpcf7-validates-as-required\"><span class=\"wpcf7-list-item first\"><label><input type=\"checkbox\" name=\"Curso_De_Interes[]\" value=\"TS Audiologie OFFICIELLE pour appareils auditifs\" \/><span class=\"wpcf7-list-item-label\">TS Audiologie OFFICIELLE pour appareils auditifs<\/span><\/label><\/span><span class=\"wpcf7-list-item last\"><label><input type=\"checkbox\" name=\"Curso_De_Interes[]\" value=\"Cours d&#039;introduction \u00e0 l&#039;audiologie des proth\u00e8ses auditives\" \/><span class=\"wpcf7-list-item-label\">Cours d&#039;introduction \u00e0 l&#039;audiologie des proth\u00e8ses auditives<\/span><\/label><\/span><\/span><\/span>\n<\/p>\n<p><span class=\"wpcf7-form-control-wrap\" data-name=\"your-message\"><textarea cols=\"40\" rows=\"10\" maxlength=\"2000\" class=\"wpcf7-form-control wpcf7-textarea wpcf7-validates-as-required\" aria-required=\"true\" aria-invalid=\"false\" placeholder=\"Message*\" name=\"your-message\"><\/textarea><\/span>\n<\/p>\n<p><input class=\"wpcf7-form-control wpcf7-submit has-spinner\" type=\"submit\" value=\"envoyer.\" \/>\n<\/p><div class=\"wpcf7-response-output\" aria-hidden=\"true\"><\/div>\n<\/form>\n<\/div>\n<\/div>\n\t\t\t\t\t\t<\/div>\n\t\t\t\t<\/div>\n\t\t\t\t\t<\/div>\n\t\t<\/div>\n\t\t\t\t\t<\/div>\n\t\t<\/section>\n\t\t\t\t<\/div>\n\t\t","protected":false},"excerpt":{"rendered":"<p>S&#8217;inscrire au cours ACC\u00c8S AU COURS ET AUX COURS EN DIRECT. Formation professionnelle Vicente Moya \u00ab Nous soutenons les objectifs acad\u00e9miques et professionnels de nos \u00e9tudiants. \u00bb General Contenu Exigences Calendrier General La qualification obtenue gr\u00e2ce \u00e0 cette formation vous &hellip; <\/p>\n","protected":false},"author":1,"featured_media":4770,"parent":0,"menu_order":0,"comment_status":"closed","ping_status":"closed","template":"","meta":{"_monsterinsights_skip_tracking":false,"_monsterinsights_sitenote_active":false,"_monsterinsights_sitenote_note":"","_monsterinsights_sitenote_category":0,"footnotes":""},"class_list":["post-5373","page","type-page","status-publish","has-post-thumbnail","hentry"],"yoast_head":"<!-- This site is optimized with the Yoast SEO plugin v25.4 - https:\/\/yoast.com\/wordpress\/plugins\/seo\/ -->\n<title>COURS D&#039;INITIATION \u00c0 L&#039;AUDIOLOGIE - FP Vicente Moya<\/title>\n<meta name=\"robots\" content=\"index, follow, max-snippet:-1, max-image-preview:large, max-video-preview:-1\" \/>\n<link rel=\"canonical\" href=\"https:\/\/fpvicentemoya.es\/formacion\/index.php\/fr\/cours-dinitiation-a-laudiologie\/\" \/>\n<meta property=\"og:locale\" content=\"es_ES\" \/>\n<meta property=\"og:type\" content=\"article\" \/>\n<meta property=\"og:title\" content=\"COURS D&#039;INITIATION \u00c0 L&#039;AUDIOLOGIE - FP Vicente Moya\" \/>\n<meta property=\"og:description\" content=\"S&#8217;inscrire au cours ACC\u00c8S AU COURS ET AUX COURS EN DIRECT. Formation professionnelle Vicente Moya \u00ab Nous soutenons les objectifs acad\u00e9miques et professionnels de nos \u00e9tudiants. \u00bb General Contenu Exigences Calendrier General La qualification obtenue gr\u00e2ce \u00e0 cette formation vous &hellip;\" \/>\n<meta property=\"og:url\" content=\"https:\/\/fpvicentemoya.es\/formacion\/index.php\/fr\/cours-dinitiation-a-laudiologie\/\" \/>\n<meta property=\"og:site_name\" content=\"FP Vicente Moya\" \/>\n<meta property=\"article:modified_time\" content=\"2025-07-02T08:58:18+00:00\" \/>\n<meta property=\"og:image\" content=\"https:\/\/fpvicentemoya.es\/formacion\/wp-content\/uploads\/2020\/03\/AUDIOLOGIAVENTAS-e1585667854207.jpg\" \/>\n\t<meta property=\"og:image:width\" content=\"1185\" \/>\n\t<meta property=\"og:image:height\" content=\"790\" \/>\n\t<meta property=\"og:image:type\" content=\"image\/jpeg\" \/>\n<meta name=\"twitter:card\" content=\"summary_large_image\" \/>\n<meta name=\"twitter:label1\" content=\"Tiempo de lectura\" \/>\n\t<meta name=\"twitter:data1\" content=\"1 minuto\" \/>\n<script type=\"application\/ld+json\" class=\"yoast-schema-graph\">{\"@context\":\"https:\/\/schema.org\",\"@graph\":[{\"@type\":\"WebPage\",\"@id\":\"https:\/\/fpvicentemoya.es\/formacion\/index.php\/fr\/cours-dinitiation-a-laudiologie\/\",\"url\":\"https:\/\/fpvicentemoya.es\/formacion\/index.php\/fr\/cours-dinitiation-a-laudiologie\/\",\"name\":\"COURS D'INITIATION \u00c0 L'AUDIOLOGIE - FP Vicente Moya\",\"isPartOf\":{\"@id\":\"https:\/\/fpvicentemoya.es\/formacion\/#website\"},\"primaryImageOfPage\":{\"@id\":\"https:\/\/fpvicentemoya.es\/formacion\/index.php\/fr\/cours-dinitiation-a-laudiologie\/#primaryimage\"},\"image\":{\"@id\":\"https:\/\/fpvicentemoya.es\/formacion\/index.php\/fr\/cours-dinitiation-a-laudiologie\/#primaryimage\"},\"thumbnailUrl\":\"https:\/\/fpvicentemoya.es\/formacion\/wp-content\/uploads\/2020\/03\/AUDIOLOGIAVENTAS-e1585667854207.jpg\",\"datePublished\":\"2025-06-26T19:27:21+00:00\",\"dateModified\":\"2025-07-02T08:58:18+00:00\",\"breadcrumb\":{\"@id\":\"https:\/\/fpvicentemoya.es\/formacion\/index.php\/fr\/cours-dinitiation-a-laudiologie\/#breadcrumb\"},\"inLanguage\":\"es\",\"potentialAction\":[{\"@type\":\"ReadAction\",\"target\":[\"https:\/\/fpvicentemoya.es\/formacion\/index.php\/fr\/cours-dinitiation-a-laudiologie\/\"]}]},{\"@type\":\"ImageObject\",\"inLanguage\":\"es\",\"@id\":\"https:\/\/fpvicentemoya.es\/formacion\/index.php\/fr\/cours-dinitiation-a-laudiologie\/#primaryimage\",\"url\":\"https:\/\/fpvicentemoya.es\/formacion\/wp-content\/uploads\/2020\/03\/AUDIOLOGIAVENTAS-e1585667854207.jpg\",\"contentUrl\":\"https:\/\/fpvicentemoya.es\/formacion\/wp-content\/uploads\/2020\/03\/AUDIOLOGIAVENTAS-e1585667854207.jpg\",\"width\":1185,\"height\":790},{\"@type\":\"BreadcrumbList\",\"@id\":\"https:\/\/fpvicentemoya.es\/formacion\/index.php\/fr\/cours-dinitiation-a-laudiologie\/#breadcrumb\",\"itemListElement\":[{\"@type\":\"ListItem\",\"position\":1,\"name\":\"Portada\",\"item\":\"https:\/\/fpvicentemoya.es\/formacion\/\"},{\"@type\":\"ListItem\",\"position\":2,\"name\":\"COURS D&rsquo;INITIATION \u00c0 L&rsquo;AUDIOLOGIE\"}]},{\"@type\":\"WebSite\",\"@id\":\"https:\/\/fpvicentemoya.es\/formacion\/#website\",\"url\":\"https:\/\/fpvicentemoya.es\/formacion\/\",\"name\":\"FP Vicente Moya\",\"description\":\"Formaci\u00f3n especializada\",\"potentialAction\":[{\"@type\":\"SearchAction\",\"target\":{\"@type\":\"EntryPoint\",\"urlTemplate\":\"https:\/\/fpvicentemoya.es\/formacion\/?s={search_term_string}\"},\"query-input\":{\"@type\":\"PropertyValueSpecification\",\"valueRequired\":true,\"valueName\":\"search_term_string\"}}],\"inLanguage\":\"es\"}]}<\/script>\n<!-- \/ Yoast SEO plugin. -->","yoast_head_json":{"title":"COURS D'INITIATION \u00c0 L'AUDIOLOGIE - FP Vicente Moya","robots":{"index":"index","follow":"follow","max-snippet":"max-snippet:-1","max-image-preview":"max-image-preview:large","max-video-preview":"max-video-preview:-1"},"canonical":"https:\/\/fpvicentemoya.es\/formacion\/index.php\/fr\/cours-dinitiation-a-laudiologie\/","og_locale":"es_ES","og_type":"article","og_title":"COURS D'INITIATION \u00c0 L'AUDIOLOGIE - FP Vicente Moya","og_description":"S&#8217;inscrire au cours ACC\u00c8S AU COURS ET AUX COURS EN DIRECT. Formation professionnelle Vicente Moya \u00ab Nous soutenons les objectifs acad\u00e9miques et professionnels de nos \u00e9tudiants. \u00bb General Contenu Exigences Calendrier General La qualification obtenue gr\u00e2ce \u00e0 cette formation vous &hellip;","og_url":"https:\/\/fpvicentemoya.es\/formacion\/index.php\/fr\/cours-dinitiation-a-laudiologie\/","og_site_name":"FP Vicente Moya","article_modified_time":"2025-07-02T08:58:18+00:00","og_image":[{"width":1185,"height":790,"url":"https:\/\/fpvicentemoya.es\/formacion\/wp-content\/uploads\/2020\/03\/AUDIOLOGIAVENTAS-e1585667854207.jpg","type":"image\/jpeg"}],"twitter_card":"summary_large_image","twitter_misc":{"Tiempo de lectura":"1 minuto"},"schema":{"@context":"https:\/\/schema.org","@graph":[{"@type":"WebPage","@id":"https:\/\/fpvicentemoya.es\/formacion\/index.php\/fr\/cours-dinitiation-a-laudiologie\/","url":"https:\/\/fpvicentemoya.es\/formacion\/index.php\/fr\/cours-dinitiation-a-laudiologie\/","name":"COURS D'INITIATION \u00c0 L'AUDIOLOGIE - FP Vicente Moya","isPartOf":{"@id":"https:\/\/fpvicentemoya.es\/formacion\/#website"},"primaryImageOfPage":{"@id":"https:\/\/fpvicentemoya.es\/formacion\/index.php\/fr\/cours-dinitiation-a-laudiologie\/#primaryimage"},"image":{"@id":"https:\/\/fpvicentemoya.es\/formacion\/index.php\/fr\/cours-dinitiation-a-laudiologie\/#primaryimage"},"thumbnailUrl":"https:\/\/fpvicentemoya.es\/formacion\/wp-content\/uploads\/2020\/03\/AUDIOLOGIAVENTAS-e1585667854207.jpg","datePublished":"2025-06-26T19:27:21+00:00","dateModified":"2025-07-02T08:58:18+00:00","breadcrumb":{"@id":"https:\/\/fpvicentemoya.es\/formacion\/index.php\/fr\/cours-dinitiation-a-laudiologie\/#breadcrumb"},"inLanguage":"es","potentialAction":[{"@type":"ReadAction","target":["https:\/\/fpvicentemoya.es\/formacion\/index.php\/fr\/cours-dinitiation-a-laudiologie\/"]}]},{"@type":"ImageObject","inLanguage":"es","@id":"https:\/\/fpvicentemoya.es\/formacion\/index.php\/fr\/cours-dinitiation-a-laudiologie\/#primaryimage","url":"https:\/\/fpvicentemoya.es\/formacion\/wp-content\/uploads\/2020\/03\/AUDIOLOGIAVENTAS-e1585667854207.jpg","contentUrl":"https:\/\/fpvicentemoya.es\/formacion\/wp-content\/uploads\/2020\/03\/AUDIOLOGIAVENTAS-e1585667854207.jpg","width":1185,"height":790},{"@type":"BreadcrumbList","@id":"https:\/\/fpvicentemoya.es\/formacion\/index.php\/fr\/cours-dinitiation-a-laudiologie\/#breadcrumb","itemListElement":[{"@type":"ListItem","position":1,"name":"Portada","item":"https:\/\/fpvicentemoya.es\/formacion\/"},{"@type":"ListItem","position":2,"name":"COURS D&rsquo;INITIATION \u00c0 L&rsquo;AUDIOLOGIE"}]},{"@type":"WebSite","@id":"https:\/\/fpvicentemoya.es\/formacion\/#website","url":"https:\/\/fpvicentemoya.es\/formacion\/","name":"FP Vicente Moya","description":"Formaci\u00f3n especializada","potentialAction":[{"@type":"SearchAction","target":{"@type":"EntryPoint","urlTemplate":"https:\/\/fpvicentemoya.es\/formacion\/?s={search_term_string}"},"query-input":{"@type":"PropertyValueSpecification","valueRequired":true,"valueName":"search_term_string"}}],"inLanguage":"es"}]}},"_links":{"self":[{"href":"https:\/\/fpvicentemoya.es\/formacion\/index.php\/wp-json\/wp\/v2\/pages\/5373","targetHints":{"allow":["GET"]}}],"collection":[{"href":"https:\/\/fpvicentemoya.es\/formacion\/index.php\/wp-json\/wp\/v2\/pages"}],"about":[{"href":"https:\/\/fpvicentemoya.es\/formacion\/index.php\/wp-json\/wp\/v2\/types\/page"}],"author":[{"embeddable":true,"href":"https:\/\/fpvicentemoya.es\/formacion\/index.php\/wp-json\/wp\/v2\/users\/1"}],"replies":[{"embeddable":true,"href":"https:\/\/fpvicentemoya.es\/formacion\/index.php\/wp-json\/wp\/v2\/comments?post=5373"}],"version-history":[{"count":18,"href":"https:\/\/fpvicentemoya.es\/formacion\/index.php\/wp-json\/wp\/v2\/pages\/5373\/revisions"}],"predecessor-version":[{"id":5433,"href":"https:\/\/fpvicentemoya.es\/formacion\/index.php\/wp-json\/wp\/v2\/pages\/5373\/revisions\/5433"}],"wp:featuredmedia":[{"embeddable":true,"href":"https:\/\/fpvicentemoya.es\/formacion\/index.php\/wp-json\/wp\/v2\/media\/4770"}],"wp:attachment":[{"href":"https:\/\/fpvicentemoya.es\/formacion\/index.php\/wp-json\/wp\/v2\/media?parent=5373"}],"curies":[{"name":"wp","href":"https:\/\/api.w.org\/{rel}","templated":true}]}}