{"id":5302,"date":"2025-06-26T09:32:57","date_gmt":"2025-06-26T07:32:57","guid":{"rendered":"https:\/\/fpvicentemoya.es\/formacion\/?page_id=5302"},"modified":"2025-06-26T09:36:44","modified_gmt":"2025-06-26T07:36:44","slug":"quienes-somos","status":"publish","type":"page","link":"https:\/\/fpvicentemoya.es\/formacion\/index.php\/fr\/quienes-somos\/","title":{"rendered":"Qui sommes-nous"},"content":{"rendered":"<div id=\"pl-5302\"  class=\"panel-layout\" ><div id=\"pg-5302-0\"  class=\"panel-grid panel-no-style\" ><div id=\"pgc-5302-0-0\"  class=\"panel-grid-cell\" ><div id=\"panel-5302-0-0-0\" class=\"so-panel widget widget_heading panel-first-child panel-last-child\" data-index=\"0\" ><div class=\"panel-widget-style panel-widget-style-for-5302-0-0-0\" ><div class=\"thim-widget-heading template-base\"><div class=\"sc_heading  text-center\"><h3 style=\"text-transform: uppercase;\" class=\"title\">Notre histoire<\/h3><span class=\"line\"><\/span><\/div><\/div><\/div><\/div><\/div><\/div><div id=\"pg-5302-1\"  class=\"panel-grid panel-no-style\" ><div id=\"pgc-5302-1-0\"  class=\"panel-grid-cell\" ><div id=\"panel-5302-1-0-0\" class=\"so-panel widget widget_text panel-first-child panel-last-child\" data-index=\"1\" ><h3 class=\"widget-title\">Qui sommes-nous<\/h3>\t\t\t<div class=\"textwidget\">Le centre Vicente Moya Pueyo a d\u00e9but\u00e9 son activit\u00e9 au cours de l'ann\u00e9e acad\u00e9mique 2018\/2019 comme r\u00e9sultat final d'un projet qui remonte \u00e0 plusieurs ann\u00e9es et dans lequel son principal soutien, M. Vicente Moya Pueyo, a mis\u00e9 sur l'id\u00e9e de d\u00e9velopper une formation professionnelle bas\u00e9e sur la demande professionnelle croissante de techniciens correctement form\u00e9s non seulement par la soci\u00e9t\u00e9 espagnole, mais aussi par la soci\u00e9t\u00e9 europ\u00e9enne.<\/div>\n\t\t<\/div><\/div><div id=\"pgc-5302-1-1\"  class=\"panel-grid-cell\" ><div id=\"panel-5302-1-1-0\" class=\"so-panel widget widget_text panel-first-child panel-last-child\" data-index=\"2\" ><h3 class=\"widget-title\">Vicente Moya Pueyo<\/h3>\t\t\t<div class=\"textwidget\">La carri\u00e8re d'enseignant de Don Vicente Moya Pueyo remonte \u00e0 ses origines, fils d'une institutrice espagnole. Il est le fondateur du centre d'\u00e9ducation sp\u00e9cialis\u00e9e pour sourds de Cuenca. M\u00e9decin, il enseigne la formation professionnelle et la sant\u00e9 et la s\u00e9curit\u00e9 au travail \u00e0 Arcos Jal\u00f3n, Soria et Madrid. Bien qu'il soit devenu plus tard professeur de m\u00e9decine l\u00e9gale et doyen de la facult\u00e9 de m\u00e9decine de l'Universit\u00e9 Complutense de Madrid, il n'a jamais abandonn\u00e9 son d\u00e9sir d'enseigner la formation professionnelle.<\/div>\n\t\t<\/div><\/div><\/div><div id=\"pg-5302-2\"  class=\"panel-grid panel-no-style\" ><div id=\"pgc-5302-2-0\"  class=\"panel-grid-cell\" ><div id=\"panel-5302-2-0-0\" class=\"so-panel widget widget_black-studio-tinymce widget_black_studio_tinymce panel-first-child\" data-index=\"3\" ><div class=\"textwidget\"><p><figure id=\"attachment_4493\" aria-describedby=\"caption-attachment-4493\" style=\"width: 213px\" class=\"wp-caption aligncenter\"><img fetchpriority=\"high\" decoding=\"async\" class=\"size-medium wp-image-4493\" src=\"http:\/\/fpvicentemoya.es\/formacion\/wp-content\/uploads\/2018\/05\/moya_pueyo_vicente_1933_-_2010_20130129_1860401162-213x300.jpg\" alt=\"\" width=\"213\" height=\"300\" srcset=\"https:\/\/fpvicentemoya.es\/formacion\/wp-content\/uploads\/2018\/05\/moya_pueyo_vicente_1933_-_2010_20130129_1860401162-213x300.jpg 213w, https:\/\/fpvicentemoya.es\/formacion\/wp-content\/uploads\/2018\/05\/moya_pueyo_vicente_1933_-_2010_20130129_1860401162-768x1083.jpg 768w, https:\/\/fpvicentemoya.es\/formacion\/wp-content\/uploads\/2018\/05\/moya_pueyo_vicente_1933_-_2010_20130129_1860401162-726x1024.jpg 726w, https:\/\/fpvicentemoya.es\/formacion\/wp-content\/uploads\/2018\/05\/moya_pueyo_vicente_1933_-_2010_20130129_1860401162.jpg 1474w\" sizes=\"(max-width: 213px) 100vw, 213px\" \/><figcaption id=\"caption-attachment-4493\" class=\"wp-caption-text\">Acad\u00e9mico de N\u00famero<br \/>Real Academia Nacional de Medicina<br \/>Fecha Lectura: 2\/11\/1993<br \/>Sill\u00f3n n\u00ba 19 -Medicina Legal-<br \/>Discurso de Ingreso: \"Los derechos del enfermo\"<\/figcaption><\/figure><\/p>\n<\/div><\/div><div id=\"panel-5302-2-0-1\" class=\"so-panel widget widget_text panel-last-child\" data-index=\"4\" >\t\t\t<div class=\"textwidget\"><div class=\"thim-about-us-quote\">\n<p>\u201cUne formation professionnelle de qualit\u00e9 est et sera essentielle dans notre soci\u00e9t\u00e9.\u201d<\/p>\n<div class=\"agency\">Vicente Moya Pueyo<\/div>\n<hr>\n<\/div><\/div>\n\t\t<\/div><\/div><\/div><\/div>","protected":false},"excerpt":{"rendered":"<p>Le centre Vicente Moya Pueyo a d\u00e9but\u00e9 son activit\u00e9 au cours de l&#8217;ann\u00e9e acad\u00e9mique 2018\/2019 comme r\u00e9sultat final d&#8217;un projet qui remonte \u00e0 plusieurs ann\u00e9es et dans lequel son principal soutien, M. Vicente Moya Pueyo, a mis\u00e9 sur l&#8217;id\u00e9e de &hellip; <\/p>\n","protected":false},"author":1,"featured_media":0,"parent":0,"menu_order":0,"comment_status":"closed","ping_status":"closed","template":"","meta":{"_monsterinsights_skip_tracking":false,"_monsterinsights_sitenote_active":false,"_monsterinsights_sitenote_note":"","_monsterinsights_sitenote_category":0,"footnotes":""},"class_list":["post-5302","page","type-page","status-publish","hentry"],"yoast_head":"<!-- This site is optimized with the Yoast SEO plugin v25.4 - https:\/\/yoast.com\/wordpress\/plugins\/seo\/ -->\n<title>Qui sommes-nous - FP Vicente Moya<\/title>\n<meta name=\"robots\" content=\"index, follow, max-snippet:-1, max-image-preview:large, max-video-preview:-1\" \/>\n<link rel=\"canonical\" href=\"https:\/\/fpvicentemoya.es\/formacion\/index.php\/fr\/quienes-somos\/\" \/>\n<meta property=\"og:locale\" content=\"es_ES\" \/>\n<meta property=\"og:type\" content=\"article\" \/>\n<meta property=\"og:title\" content=\"Qui sommes-nous - FP Vicente Moya\" \/>\n<meta property=\"og:description\" content=\"Le centre Vicente Moya Pueyo a d\u00e9but\u00e9 son activit\u00e9 au cours de l&#039;ann\u00e9e acad\u00e9mique 2018\/2019 comme r\u00e9sultat final d&#039;un projet qui remonte \u00e0 plusieurs ann\u00e9es et dans lequel son principal soutien, M. Vicente Moya Pueyo, a mis\u00e9 sur l&#039;id\u00e9e de &hellip;\" \/>\n<meta property=\"og:url\" content=\"https:\/\/fpvicentemoya.es\/formacion\/index.php\/fr\/quienes-somos\/\" \/>\n<meta property=\"og:site_name\" content=\"FP Vicente Moya\" \/>\n<meta property=\"article:modified_time\" content=\"2025-06-26T07:36:44+00:00\" \/>\n<meta name=\"twitter:card\" content=\"summary_large_image\" \/>\n<meta name=\"twitter:label1\" content=\"Tiempo de lectura\" \/>\n\t<meta name=\"twitter:data1\" content=\"1 minuto\" \/>\n<script type=\"application\/ld+json\" class=\"yoast-schema-graph\">{\"@context\":\"https:\/\/schema.org\",\"@graph\":[{\"@type\":\"WebPage\",\"@id\":\"https:\/\/fpvicentemoya.es\/formacion\/index.php\/fr\/quienes-somos\/\",\"url\":\"https:\/\/fpvicentemoya.es\/formacion\/index.php\/fr\/quienes-somos\/\",\"name\":\"Qui sommes-nous - FP Vicente Moya\",\"isPartOf\":{\"@id\":\"https:\/\/fpvicentemoya.es\/formacion\/#website\"},\"datePublished\":\"2025-06-26T07:32:57+00:00\",\"dateModified\":\"2025-06-26T07:36:44+00:00\",\"breadcrumb\":{\"@id\":\"https:\/\/fpvicentemoya.es\/formacion\/index.php\/fr\/quienes-somos\/#breadcrumb\"},\"inLanguage\":\"es\",\"potentialAction\":[{\"@type\":\"ReadAction\",\"target\":[\"https:\/\/fpvicentemoya.es\/formacion\/index.php\/fr\/quienes-somos\/\"]}]},{\"@type\":\"BreadcrumbList\",\"@id\":\"https:\/\/fpvicentemoya.es\/formacion\/index.php\/fr\/quienes-somos\/#breadcrumb\",\"itemListElement\":[{\"@type\":\"ListItem\",\"position\":1,\"name\":\"Portada\",\"item\":\"https:\/\/fpvicentemoya.es\/formacion\/\"},{\"@type\":\"ListItem\",\"position\":2,\"name\":\"Qui sommes-nous\"}]},{\"@type\":\"WebSite\",\"@id\":\"https:\/\/fpvicentemoya.es\/formacion\/#website\",\"url\":\"https:\/\/fpvicentemoya.es\/formacion\/\",\"name\":\"FP Vicente Moya\",\"description\":\"Formaci\u00f3n especializada\",\"potentialAction\":[{\"@type\":\"SearchAction\",\"target\":{\"@type\":\"EntryPoint\",\"urlTemplate\":\"https:\/\/fpvicentemoya.es\/formacion\/?s={search_term_string}\"},\"query-input\":{\"@type\":\"PropertyValueSpecification\",\"valueRequired\":true,\"valueName\":\"search_term_string\"}}],\"inLanguage\":\"es\"}]}<\/script>\n<!-- \/ Yoast SEO plugin. -->","yoast_head_json":{"title":"Qui sommes-nous - FP Vicente Moya","robots":{"index":"index","follow":"follow","max-snippet":"max-snippet:-1","max-image-preview":"max-image-preview:large","max-video-preview":"max-video-preview:-1"},"canonical":"https:\/\/fpvicentemoya.es\/formacion\/index.php\/fr\/quienes-somos\/","og_locale":"es_ES","og_type":"article","og_title":"Qui sommes-nous - FP Vicente Moya","og_description":"Le centre Vicente Moya Pueyo a d\u00e9but\u00e9 son activit\u00e9 au cours de l'ann\u00e9e acad\u00e9mique 2018\/2019 comme r\u00e9sultat final d'un projet qui remonte \u00e0 plusieurs ann\u00e9es et dans lequel son principal soutien, M. Vicente Moya Pueyo, a mis\u00e9 sur l'id\u00e9e de &hellip;","og_url":"https:\/\/fpvicentemoya.es\/formacion\/index.php\/fr\/quienes-somos\/","og_site_name":"FP Vicente Moya","article_modified_time":"2025-06-26T07:36:44+00:00","twitter_card":"summary_large_image","twitter_misc":{"Tiempo de lectura":"1 minuto"},"schema":{"@context":"https:\/\/schema.org","@graph":[{"@type":"WebPage","@id":"https:\/\/fpvicentemoya.es\/formacion\/index.php\/fr\/quienes-somos\/","url":"https:\/\/fpvicentemoya.es\/formacion\/index.php\/fr\/quienes-somos\/","name":"Qui sommes-nous - FP Vicente Moya","isPartOf":{"@id":"https:\/\/fpvicentemoya.es\/formacion\/#website"},"datePublished":"2025-06-26T07:32:57+00:00","dateModified":"2025-06-26T07:36:44+00:00","breadcrumb":{"@id":"https:\/\/fpvicentemoya.es\/formacion\/index.php\/fr\/quienes-somos\/#breadcrumb"},"inLanguage":"es","potentialAction":[{"@type":"ReadAction","target":["https:\/\/fpvicentemoya.es\/formacion\/index.php\/fr\/quienes-somos\/"]}]},{"@type":"BreadcrumbList","@id":"https:\/\/fpvicentemoya.es\/formacion\/index.php\/fr\/quienes-somos\/#breadcrumb","itemListElement":[{"@type":"ListItem","position":1,"name":"Portada","item":"https:\/\/fpvicentemoya.es\/formacion\/"},{"@type":"ListItem","position":2,"name":"Qui sommes-nous"}]},{"@type":"WebSite","@id":"https:\/\/fpvicentemoya.es\/formacion\/#website","url":"https:\/\/fpvicentemoya.es\/formacion\/","name":"FP Vicente Moya","description":"Formaci\u00f3n especializada","potentialAction":[{"@type":"SearchAction","target":{"@type":"EntryPoint","urlTemplate":"https:\/\/fpvicentemoya.es\/formacion\/?s={search_term_string}"},"query-input":{"@type":"PropertyValueSpecification","valueRequired":true,"valueName":"search_term_string"}}],"inLanguage":"es"}]}},"_links":{"self":[{"href":"https:\/\/fpvicentemoya.es\/formacion\/index.php\/wp-json\/wp\/v2\/pages\/5302","targetHints":{"allow":["GET"]}}],"collection":[{"href":"https:\/\/fpvicentemoya.es\/formacion\/index.php\/wp-json\/wp\/v2\/pages"}],"about":[{"href":"https:\/\/fpvicentemoya.es\/formacion\/index.php\/wp-json\/wp\/v2\/types\/page"}],"author":[{"embeddable":true,"href":"https:\/\/fpvicentemoya.es\/formacion\/index.php\/wp-json\/wp\/v2\/users\/1"}],"replies":[{"embeddable":true,"href":"https:\/\/fpvicentemoya.es\/formacion\/index.php\/wp-json\/wp\/v2\/comments?post=5302"}],"version-history":[{"count":3,"href":"https:\/\/fpvicentemoya.es\/formacion\/index.php\/wp-json\/wp\/v2\/pages\/5302\/revisions"}],"predecessor-version":[{"id":5305,"href":"https:\/\/fpvicentemoya.es\/formacion\/index.php\/wp-json\/wp\/v2\/pages\/5302\/revisions\/5305"}],"wp:attachment":[{"href":"https:\/\/fpvicentemoya.es\/formacion\/index.php\/wp-json\/wp\/v2\/media?parent=5302"}],"curies":[{"name":"wp","href":"https:\/\/api.w.org\/{rel}","templated":true}]}}