{"id":5028,"date":"2023-06-11T14:41:25","date_gmt":"2023-06-11T12:41:25","guid":{"rendered":"https:\/\/fpvicentemoya.es\/formacion\/?page_id=5028"},"modified":"2025-06-26T23:52:36","modified_gmt":"2025-06-26T21:52:36","slug":"politica-de-privacidad-aviso-legal","status":"publish","type":"page","link":"https:\/\/fpvicentemoya.es\/formacion\/index.php\/politica-de-privacidad-aviso-legal\/","title":{"rendered":"Pol\u00edtica de privacidad &#8211; aviso legal"},"content":{"rendered":"<section class=\"container\">\n<div class=\"container\">\n<div class=\"row\">\n<div class=\"col-md-12 texto\">\n<div>\n<h2>AVISO LEGAL<\/h2>\n<p>En cumplimiento de lo dispuesto en el Reglamento General de Protecci\u00f3n de Datos del Parlamento Europeo y del Consejo de 27 de abril de 2016, le informamos de que los datos personales que nos ha facilitado quedan incorporados en un fichero cuya responsable es Centro de Formaci\u00f3n DOCTOR VMP S.L., Avd Moncloa,18 ,28003 Madrid.&nbsp; CIF: B88207394, y que ser\u00e1 utilizado con la finalidad de gestionar la relaci\u00f3n comercial, prestarle los servicios solicitados e informarle sobre nuestros productos y servicios.<\/p>\n<p>Asimismo, con la firma de la casilla se\u00f1alada al pie de este documento Ud. autoriza a Centro de Formaci\u00f3n DOCTOR VMP S.L. para que proceda a la cesi\u00f3n de los datos facilitados a empresas colaboradoras y especializadas en cada uno de los tipos de formaci\u00f3n, al objeto de facilitarle informaci\u00f3n acerca de los productos y servicios que en el \u00e1mbito de las actividades formativas pudieran resultar de su inter\u00e9s y servir a los fines comerciales correspondientes, e igualmente con la finalidad de realizaci\u00f3n de actividades de inserci\u00f3n laboral que pudieran encajar con su perfil.<\/p>\n<p>Ud. podr\u00e1 ejercitar, respecto de los datos recabados en la forma prevista en el apartado anterior, los derechos reconocidos en la normativa indicada, y en particular los derechos de acceso, rectificaci\u00f3n, cancelaci\u00f3n y oposici\u00f3n, limitaci\u00f3n del tratamiento y portabilidad, as\u00ed como el de revocaci\u00f3n del consentimiento para la cesi\u00f3n de sus datos. Los derechos referidos en el p\u00e1rrafo anterior podr\u00e1n ser ejercitados mediante solicitud escrita y firmada, acompa\u00f1ando fotocopia de su DNI, dirigida al domicilio social de Centro de Formaci\u00f3n DOCTOR VMP S.L., Avd Moncloa,18 ,28003 Madrid. o en el correo electr\u00f3nico info@fpvicentemoya.es Los datos personales contenidos en este fichero ser\u00e1n tratados conforme a las exigencias legales, adopt\u00e1ndose las medidas de seguridad correspondientes para evitar su alteraci\u00f3n, p\u00e9rdida, tratamiento o acceso no autorizado. Se entender\u00e1 que los datos facilitados por Ud. son verdaderos, exactos y actualizados, siendo de su responsabilidad las consecuencias que pudiera ocasionar a terceros la aportaci\u00f3n de datos falsos o inexactos.<\/p>\n<h2>POL\u00cdTICA DE PRIVACIDAD<\/h2>\n<h3>\u00bfCon qu\u00e9 finalidad tratamos sus datos personales?<\/h3>\n<p>En Centro de Formaci\u00f3n DOCTOR VMP S.L tratamos sus datos personales con la finalidad de gestionar nuestra relaci\u00f3n precomercial, comercial y de posventa, as\u00ed como para tratar sus datos y poder remitirle v\u00eda telef\u00f3nica, postal, o electr\u00f3nica, informaci\u00f3n comercial personalizada que pueda resultar de su inter\u00e9s sobre los servicios de Centro de Formaci\u00f3n DOCTOR VMP S.L y del sector de la formaci\u00f3n y la inserci\u00f3n laboral.<\/p>\n<h3>\u00bfPor cu\u00e1nto tiempo conservaremos sus datos?<\/h3>\n<p>La informaci\u00f3n relativa al interesado ser\u00e1 conservada durante el periodo de vigencia de la relaci\u00f3n comercial, mientras no se solicite la supresi\u00f3n de los mismos; as\u00ed como durante el plazo de prescripci\u00f3n de las acciones que pudieran surgir en relaci\u00f3n con la presente relaci\u00f3n. A lo largo de ese periodo los datos se podr\u00e1n poner a disposici\u00f3n de la Administraci\u00f3n P\u00fablica con competencia en la materia, previa solicitud de los mismos por causa justificada. Por otro lado, los datos personales proporcionados para fines promocionales se seguir\u00e1n conservando una vez finalizada la relaci\u00f3n comercial hasta que el interesado no revoque el consentimiento, todo ello sin perjuicio de su derecho de supresi\u00f3n u oposici\u00f3n.<\/p>\n<h3>\u00bfCu\u00e1l es la legitimaci\u00f3n para el tratamiento de sus datos?<\/h3>\n<p>La base legal para el tratamiento de sus datos es la ejecuci\u00f3n de la relaci\u00f3n comercial en la que Ud. es parte, de manera que podamos gestionar, desarrollar y controlar la correspondiente relaci\u00f3n. Todos los datos que le solicitamos tienen el car\u00e1cter de obligatorio y necesario para la prestaci\u00f3n de nuestros servicios, por lo que la inobservancia de algunos puede imposibilitar la prestaci\u00f3n de los mismos. Con la misma finalidad, no le solicitaremos, y Ud. no est\u00e1 obligado a aportar, datos que no guarden relaci\u00f3n con la finalidad pretendida, ni aquellos otros que sean excesivos, improcedentes o inadecuados con arreglo a dicha finalidad. En relaci\u00f3n con el env\u00edo de comunicaciones comerciales la base legal es el consentimiento que se le solicita y Usted otorga libremente.<\/p>\n<h3>\u00bfA qu\u00e9 destinatarios se comunicar\u00e1n sus datos?<\/h3>\n<p>Centro de Formaci\u00f3n DOCTOR VMP S.L podr\u00e1 comunicar sus datos a empresas colaboradoras con la finalidad de gestionar y optimizar los servicios solicitados en el \u00e1mbito de la FORMACI\u00d3N E INSERCI\u00d3N LABORAL, en concreto la b\u00fasqueda de acciones formativas que pudieran encajar en su perfil y de perfiles profesionales demandados en potenciales oferta de empleo. Adicionalmente, sus datos se ceder\u00e1n cuando exista obligaci\u00f3n legal de hacerlo. Por otro lado, si en alg\u00fan momento de la relaci\u00f3n comercial fuera necesario comunicar sus datos a otras terceras empresas para finalidades distintas, dicha comunicaci\u00f3n se realizar\u00e1 cuando Centro de Formaci\u00f3n DOCTOR VMP S.L. cuente con su consentimiento previo para ello y en la forma legalmente exigida.<\/p>\n<h3>\u00bfCu\u00e1les son sus derechos cuando nos facilitan sus datos?<\/h3>\n<p>El interesado, mediante el env\u00edo de una solicitud a la direcci\u00f3n Centro de Formaci\u00f3n DOCTOR VMP S.L., Avd Moncloa,18 ,28003 Madrid. o en el correo electr\u00f3nico info@fpvicentemoya.es, aportando una fotocopia por las dos caras de su DNI o documento legal de identificaci\u00f3n de su identidad, puede dirigirse a Centro de Formaci\u00f3n DOCTOR VMP S.L, para acceder a sus datos personales, as\u00ed como solicitar la rectificaci\u00f3n de los datos inexactos o, en su caso, solicitar su supresi\u00f3n cuando, entre otros motivos, los datos ya no sean necesarios para los fines que fueron recogidos; pudiendo ejercer igualmente su derecho a la portabilidad de los mismos.<\/p>\n<p>Igualmente, los interesados podr\u00e1n solicitar la limitaci\u00f3n del tratamiento de sus datos, en cuyo caso Centro de Formaci\u00f3n DOCTOR VMP S.L \u00fanicamente los conservar\u00e1 para el ejercicio o la defensa de posibles reclamaciones. Asimismo, los interesados podr\u00e1n oponerse al tratamiento de sus datos. En este sentido, Centro de Formaci\u00f3n DOCTOR VMP S.L dejar\u00e1 de tratar los datos, salvo por motivos leg\u00edtimos imperiosos, o el ejercicio o la defensa de posibles reclamaciones.<\/p>\n<p>Finalmente, en virtud del derecho a la portabilidad, los interesados tienen derecho a obtener los datos personales que les incumben en un formato estructurado de uso com\u00fan y lectura mec\u00e1nica y a transmitirlos a otro responsable. Por \u00faltimo, en los t\u00e9rminos establecidos en la legislaci\u00f3n vigente; podr\u00e1n revocar los consentimientos que nos hayan ido facilitando, teniendo las personas interesadas la posibilidad de presentar una reclamaci\u00f3n en Espa\u00f1a ante la Agencia Espa\u00f1ola de Protecci\u00f3n de Datos\u00bb (www.agpd.es), as\u00ed como a solicitar ante dicho organismo informaci\u00f3n y tutela sobre el ejercicio de sus derechos.\u00bb<\/p>\n<\/div>\n<\/div>\n<\/div>\n<\/div>\n<\/section>\n<section class=\"container\"><a name=\"cookies\"><\/a><\/p>\n<div class=\"container\">\n<div class=\"row\">\n<div class=\"col-md-12 texto\">\n<div>\n<h2>Pol\u00edtica de Cookies<\/h2>\n<p>Las cookies son ficheros enviados al navegador por medio de un servicio web con la finalidad de registrar las actividades del usuario durante su tiempo de navegaci\u00f3n.<\/p>\n<p>Las cookies utilizadas se asocian \u00fanicamente con un usuario an\u00f3nimo y su ordenador, y no proporcionan por s\u00ed mismas los datos personales del usuario.<\/p>\n<p><strong>Mediante el uso de las cookies resulta posible que el servidor donde se encuentra la web reconozca el navegador web utilizado por el usuario con la finalidad de que la navegaci\u00f3n sea m\u00e1s sencilla.&nbsp;<\/strong>Se utilizan tambi\u00e9n para medir la audiencia y par\u00e1metros del tr\u00e1fico, controlar el proceso y n\u00famero de entradas.<\/p>\n<p><strong>El usuario tiene la posibilidad de configurar su navegador para ser avisado de la recepci\u00f3n de cookies y para impedir su instalaci\u00f3n en su equipo.<\/strong>&nbsp;Por favor consulte las instrucciones y manuales de su navegador para ampliar esta informaci\u00f3n.<\/p>\n<p>Para utilizar el sitio web no es necesario que el usuario permita la instalaci\u00f3n de las cookies enviadas al sitio web, o el tercero que act\u00fae en su nombre, sin perjuicio de que sea necesario que el usuario inicie una sesi\u00f3n tal en cada uno de los servicios cuya prestaci\u00f3n requiera el previo registro.<\/p>\n<p>En todo caso&nbsp;<strong>las cookies tienen un car\u00e1cter temporal<\/strong>. En ning\u00fan caso se utilizar\u00e1 cookies para recoger informaci\u00f3n de car\u00e1cter personal.<\/p>\n<\/div>\n<\/div>\n<\/div>\n<\/div>\n<\/section>\n","protected":false},"excerpt":{"rendered":"<p>AVISO LEGAL En cumplimiento de lo dispuesto en el Reglamento General de Protecci\u00f3n de Datos del Parlamento Europeo y del Consejo de 27 de abril de 2016, le informamos de que los datos personales que nos ha facilitado quedan incorporados &hellip; <\/p>\n","protected":false},"author":1,"featured_media":0,"parent":0,"menu_order":0,"comment_status":"closed","ping_status":"closed","template":"elementor_header_footer","meta":{"_monsterinsights_skip_tracking":false,"_monsterinsights_sitenote_active":false,"_monsterinsights_sitenote_note":"","_monsterinsights_sitenote_category":0,"footnotes":""},"class_list":["post-5028","page","type-page","status-publish","hentry"],"yoast_head":"<!-- This site is optimized with the Yoast SEO plugin v25.4 - https:\/\/yoast.com\/wordpress\/plugins\/seo\/ -->\n<title>Pol\u00edtica de privacidad - aviso legal - FP Vicente Moya<\/title>\n<meta name=\"robots\" content=\"index, follow, max-snippet:-1, max-image-preview:large, max-video-preview:-1\" \/>\n<link rel=\"canonical\" href=\"https:\/\/fpvicentemoya.es\/formacion\/index.php\/politica-de-privacidad-aviso-legal\/\" \/>\n<meta property=\"og:locale\" content=\"es_ES\" \/>\n<meta property=\"og:type\" content=\"article\" \/>\n<meta property=\"og:title\" content=\"Pol\u00edtica de privacidad - aviso legal - FP Vicente Moya\" \/>\n<meta property=\"og:description\" content=\"AVISO LEGAL En cumplimiento de lo dispuesto en el Reglamento General de Protecci\u00f3n de Datos del Parlamento Europeo y del Consejo de 27 de abril de 2016, le informamos de que los datos personales que nos ha facilitado quedan incorporados &hellip;\" \/>\n<meta property=\"og:url\" content=\"https:\/\/fpvicentemoya.es\/formacion\/index.php\/politica-de-privacidad-aviso-legal\/\" \/>\n<meta property=\"og:site_name\" content=\"FP Vicente Moya\" \/>\n<meta property=\"article:modified_time\" content=\"2025-06-26T21:52:36+00:00\" \/>\n<meta name=\"twitter:card\" content=\"summary_large_image\" \/>\n<meta name=\"twitter:label1\" content=\"Tiempo de lectura\" \/>\n\t<meta name=\"twitter:data1\" content=\"6 minutos\" \/>\n<script type=\"application\/ld+json\" class=\"yoast-schema-graph\">{\"@context\":\"https:\/\/schema.org\",\"@graph\":[{\"@type\":\"WebPage\",\"@id\":\"https:\/\/fpvicentemoya.es\/formacion\/index.php\/politica-de-privacidad-aviso-legal\/\",\"url\":\"https:\/\/fpvicentemoya.es\/formacion\/index.php\/politica-de-privacidad-aviso-legal\/\",\"name\":\"Pol\u00edtica de privacidad - aviso legal - FP Vicente Moya\",\"isPartOf\":{\"@id\":\"https:\/\/fpvicentemoya.es\/formacion\/#website\"},\"datePublished\":\"2023-06-11T12:41:25+00:00\",\"dateModified\":\"2025-06-26T21:52:36+00:00\",\"breadcrumb\":{\"@id\":\"https:\/\/fpvicentemoya.es\/formacion\/index.php\/politica-de-privacidad-aviso-legal\/#breadcrumb\"},\"inLanguage\":\"es\",\"potentialAction\":[{\"@type\":\"ReadAction\",\"target\":[\"https:\/\/fpvicentemoya.es\/formacion\/index.php\/politica-de-privacidad-aviso-legal\/\"]}]},{\"@type\":\"BreadcrumbList\",\"@id\":\"https:\/\/fpvicentemoya.es\/formacion\/index.php\/politica-de-privacidad-aviso-legal\/#breadcrumb\",\"itemListElement\":[{\"@type\":\"ListItem\",\"position\":1,\"name\":\"Portada\",\"item\":\"https:\/\/fpvicentemoya.es\/formacion\/\"},{\"@type\":\"ListItem\",\"position\":2,\"name\":\"Pol\u00edtica de privacidad &#8211; aviso legal\"}]},{\"@type\":\"WebSite\",\"@id\":\"https:\/\/fpvicentemoya.es\/formacion\/#website\",\"url\":\"https:\/\/fpvicentemoya.es\/formacion\/\",\"name\":\"FP Vicente Moya\",\"description\":\"Formaci\u00f3n especializada\",\"potentialAction\":[{\"@type\":\"SearchAction\",\"target\":{\"@type\":\"EntryPoint\",\"urlTemplate\":\"https:\/\/fpvicentemoya.es\/formacion\/?s={search_term_string}\"},\"query-input\":{\"@type\":\"PropertyValueSpecification\",\"valueRequired\":true,\"valueName\":\"search_term_string\"}}],\"inLanguage\":\"es\"}]}<\/script>\n<!-- \/ Yoast SEO plugin. -->","yoast_head_json":{"title":"Pol\u00edtica de privacidad - aviso legal - FP Vicente Moya","robots":{"index":"index","follow":"follow","max-snippet":"max-snippet:-1","max-image-preview":"max-image-preview:large","max-video-preview":"max-video-preview:-1"},"canonical":"https:\/\/fpvicentemoya.es\/formacion\/index.php\/politica-de-privacidad-aviso-legal\/","og_locale":"es_ES","og_type":"article","og_title":"Pol\u00edtica de privacidad - aviso legal - FP Vicente Moya","og_description":"AVISO LEGAL En cumplimiento de lo dispuesto en el Reglamento General de Protecci\u00f3n de Datos del Parlamento Europeo y del Consejo de 27 de abril de 2016, le informamos de que los datos personales que nos ha facilitado quedan incorporados &hellip;","og_url":"https:\/\/fpvicentemoya.es\/formacion\/index.php\/politica-de-privacidad-aviso-legal\/","og_site_name":"FP Vicente Moya","article_modified_time":"2025-06-26T21:52:36+00:00","twitter_card":"summary_large_image","twitter_misc":{"Tiempo de lectura":"6 minutos"},"schema":{"@context":"https:\/\/schema.org","@graph":[{"@type":"WebPage","@id":"https:\/\/fpvicentemoya.es\/formacion\/index.php\/politica-de-privacidad-aviso-legal\/","url":"https:\/\/fpvicentemoya.es\/formacion\/index.php\/politica-de-privacidad-aviso-legal\/","name":"Pol\u00edtica de privacidad - aviso legal - FP Vicente Moya","isPartOf":{"@id":"https:\/\/fpvicentemoya.es\/formacion\/#website"},"datePublished":"2023-06-11T12:41:25+00:00","dateModified":"2025-06-26T21:52:36+00:00","breadcrumb":{"@id":"https:\/\/fpvicentemoya.es\/formacion\/index.php\/politica-de-privacidad-aviso-legal\/#breadcrumb"},"inLanguage":"es","potentialAction":[{"@type":"ReadAction","target":["https:\/\/fpvicentemoya.es\/formacion\/index.php\/politica-de-privacidad-aviso-legal\/"]}]},{"@type":"BreadcrumbList","@id":"https:\/\/fpvicentemoya.es\/formacion\/index.php\/politica-de-privacidad-aviso-legal\/#breadcrumb","itemListElement":[{"@type":"ListItem","position":1,"name":"Portada","item":"https:\/\/fpvicentemoya.es\/formacion\/"},{"@type":"ListItem","position":2,"name":"Pol\u00edtica de privacidad &#8211; aviso legal"}]},{"@type":"WebSite","@id":"https:\/\/fpvicentemoya.es\/formacion\/#website","url":"https:\/\/fpvicentemoya.es\/formacion\/","name":"FP Vicente Moya","description":"Formaci\u00f3n especializada","potentialAction":[{"@type":"SearchAction","target":{"@type":"EntryPoint","urlTemplate":"https:\/\/fpvicentemoya.es\/formacion\/?s={search_term_string}"},"query-input":{"@type":"PropertyValueSpecification","valueRequired":true,"valueName":"search_term_string"}}],"inLanguage":"es"}]}},"_links":{"self":[{"href":"https:\/\/fpvicentemoya.es\/formacion\/index.php\/wp-json\/wp\/v2\/pages\/5028","targetHints":{"allow":["GET"]}}],"collection":[{"href":"https:\/\/fpvicentemoya.es\/formacion\/index.php\/wp-json\/wp\/v2\/pages"}],"about":[{"href":"https:\/\/fpvicentemoya.es\/formacion\/index.php\/wp-json\/wp\/v2\/types\/page"}],"author":[{"embeddable":true,"href":"https:\/\/fpvicentemoya.es\/formacion\/index.php\/wp-json\/wp\/v2\/users\/1"}],"replies":[{"embeddable":true,"href":"https:\/\/fpvicentemoya.es\/formacion\/index.php\/wp-json\/wp\/v2\/comments?post=5028"}],"version-history":[{"count":3,"href":"https:\/\/fpvicentemoya.es\/formacion\/index.php\/wp-json\/wp\/v2\/pages\/5028\/revisions"}],"predecessor-version":[{"id":5034,"href":"https:\/\/fpvicentemoya.es\/formacion\/index.php\/wp-json\/wp\/v2\/pages\/5028\/revisions\/5034"}],"wp:attachment":[{"href":"https:\/\/fpvicentemoya.es\/formacion\/index.php\/wp-json\/wp\/v2\/media?parent=5028"}],"curies":[{"name":"wp","href":"https:\/\/api.w.org\/{rel}","templated":true}]}}