{"id":4736,"date":"2020-03-31T14:43:57","date_gmt":"2020-03-31T14:43:57","guid":{"rendered":"https:\/\/fpvicentemoya.es\/formacion\/?page_id=4736"},"modified":"2025-07-02T10:54:11","modified_gmt":"2025-07-02T08:54:11","slug":"tecnico-asesor-auditivo","status":"publish","type":"page","link":"https:\/\/fpvicentemoya.es\/formacion\/index.php\/tecnico-asesor-auditivo\/","title":{"rendered":"CURSO INICIACI\u00d3N A LA AUDIOLOGIA"},"content":{"rendered":"<div id=\"pl-4736\"  class=\"panel-layout\" ><div id=\"pg-4736-0\"  class=\"panel-grid panel-no-style\" ><div id=\"pgc-4736-0-0\"  class=\"panel-grid-cell panel-grid-cell-empty\" ><\/div><div id=\"pgc-4736-0-1\"  class=\"panel-grid-cell panel-grid-cell-mobile-last\" ><div id=\"panel-4736-0-1-0\" class=\"so-panel widget widget_button panel-first-child\" data-index=\"0\" ><div class=\"thim-widget-button template-base\"><a class=\"widget-button very-rounded no-border medium custom_style\" href=\"https:\/\/docs.google.com\/forms\/d\/e\/1FAIpQLSeyooGjCxBKuKT9tXVyxf9bFG7z-mfkpkFQbQfwKeq1JsYuLQ\/viewform\" target=\"_blank\" style=\"font-size: 14px;font-weight: normal;\" data-hover=\"font-size: 14px;font-weight: normal;\"><i class=\"fa fa-desktop\" style=\"font-size: 14px;\"><\/i> Matric\u00falate en el curso<\/a><\/div><\/div><div id=\"panel-4736-0-1-1\" class=\"so-panel widget widget_button panel-last-child\" data-index=\"1\" ><div class=\"thim-widget-button template-base\"><a class=\"widget-button very-rounded no-border medium custom_style\" href=\"https:\/\/campus.fpvicentemoya.es\/course\/view.php?id=6\" target=\"_blank\" style=\"font-size: 14px;font-weight: normal;\" data-hover=\"font-size: 14px;font-weight: normal;\"><i class=\"fa fa-desktop\" style=\"font-size: 14px;\"><\/i> ACCESO AL CURSO Y CLASES EN DIRECTO.<\/a><\/div><\/div><\/div><div id=\"pgc-4736-0-2\"  class=\"panel-grid-cell panel-grid-cell-empty\" ><\/div><\/div><div id=\"pg-4736-1\"  class=\"panel-grid panel-no-style\" ><div id=\"pgc-4736-1-0\"  class=\"panel-grid-cell\" ><div id=\"panel-4736-1-0-0\" class=\"so-panel widget widget_heading panel-first-child\" data-index=\"2\" ><div class=\"thim-widget-heading template-base\"><div class=\"sc_heading  text-center\"><h3 style=\"text-transform: uppercase;\" class=\"title\">FORMACION PROFESIONAL VICENTE MOYA<\/h3><p class=\"sub-heading\" style=\"\">\"Apoyamos los objetivos acad\u00e9micos y profesionales de nuestros alumnos\".<\/p><span class=\"line\"><\/span><\/div><\/div><\/div><div id=\"panel-4736-1-0-1\" class=\"so-panel widget widget_text\" data-index=\"3\" >\t\t\t<div class=\"textwidget\"><p><center><strong><u>INFORMACI\u00d3N GENERAL DE INTER\u00c9S PARA LOS ALUMNOS:<\/u><\/strong><\/center><center><\/center><center>Curso ONLINE con clases en directo y totalmente gratuito.<\/center><\/p>\n<\/div>\n\t\t<\/div><div id=\"panel-4736-1-0-2\" class=\"so-panel widget widget_text panel-last-child\" data-index=\"4\" >\t\t\t<div class=\"textwidget\"><p><center><\/p>\n<p>Inicio curso Marzo 2022\u00a0 \u00a0 \u00a0<a href=\"https:\/\/fpvicentemoya.es\/formacion\/wp-content\/uploads\/2022\/03\/FICHA-CURSO-TEC-ASESOR-MARZO-22.pdf\" target=\"_blank\" rel=\"noopener\"> Descargar mas informaci\u00f3n<\/a>.<\/p>\n<p>Inicio curso Abril 2022\u00a0 \u00a0 \u00a0 \u00a0<a href=\"https:\/\/fpvicentemoya.es\/formacion\/wp-content\/uploads\/2022\/03\/FICHA-CURSO-TEC-ASESOR-ABRIL-22.pdf\" target=\"_blank\" rel=\"noopener\"> Descargar mas informaci\u00f3n.\u00a0\u00a0<\/a><\/p>\n<p>Inicio curso Junio 2022\u00a0 \u00a0 \u00a0 <a href=\"https:\/\/fpvicentemoya.es\/formacion\/wp-content\/uploads\/2022\/03\/FICHA-CURSO-TEC-ASESOR-JUNIO-22.pdf\" target=\"_blank\" rel=\"noopener\">Descargar mas informaci\u00f3n.\u00a0\u00a0<\/a><\/p>\n<p>Inicio curso Septiembre 2022\u00a0\u00a0\u00a0\u00a0<a href=\"https:\/\/fpvicentemoya.es\/formacion\/wp-content\/uploads\/2022\/03\/FICHA-CURSO-TEC-ASESOR-SEPTIEMBRE-22.pdf\" target=\"_blank\" rel=\"noopener\">Descargar mas informaci\u00f3n.\u00a0\u00a0<\/a><br \/>\n<\/center><\/p>\n<\/div>\n\t\t<\/div><\/div><\/div><div id=\"pg-4736-2\"  class=\"panel-grid panel-no-style\" ><div id=\"pgc-4736-2-0\"  class=\"panel-grid-cell\" ><div id=\"panel-4736-2-0-0\" class=\"so-panel widget widget_sow-tabs panel-first-child\" data-index=\"5\" ><div\n\t\t\t\n\t\t\tclass=\"so-widget-sow-tabs so-widget-sow-tabs-default-9174ebf87001-4736\"\n\t\t\t\n\t\t><div class=\"sow-tabs\">\n\t<div class=\"sow-tabs-tab-container\" role=\"tablist\">\n\t\t\t<div\n\t\t\tclass=\"sow-tabs-tab\n\t\t\t sow-tabs-tab-selected\t\t\t\"\n\t\t\trole=\"tab\"\n\t\t\tdata-anchor-id=\"general\"\n\t\t\taria-selected=\"true\"\n\t\t\ttabindex=\"0\"\n\t\t>\n\t\t\t<div class=\"sow-tabs-title sow-tabs-title-icon-left\">\n\t\t\t\t\t\t\t\tGeneral\t\t\t\t\t\t\t<\/div>\n\t\t<\/div>\n\t\t\t<div\n\t\t\tclass=\"sow-tabs-tab\n\t\t\t\t\t\t\"\n\t\t\trole=\"tab\"\n\t\t\tdata-anchor-id=\"contenido\"\n\t\t\taria-selected=\"false\"\n\t\t\ttabindex=\"0\"\n\t\t>\n\t\t\t<div class=\"sow-tabs-title sow-tabs-title-icon-left\">\n\t\t\t\t\t\t\t\tContenido\t\t\t\t\t\t\t<\/div>\n\t\t<\/div>\n\t\t\t<div\n\t\t\tclass=\"sow-tabs-tab\n\t\t\t\t\t\t\"\n\t\t\trole=\"tab\"\n\t\t\tdata-anchor-id=\"requisitos\"\n\t\t\taria-selected=\"false\"\n\t\t\ttabindex=\"0\"\n\t\t>\n\t\t\t<div class=\"sow-tabs-title sow-tabs-title-icon-left\">\n\t\t\t\t\t\t\t\tRequisitos\t\t\t\t\t\t\t<\/div>\n\t\t<\/div>\n\t\t\t<div\n\t\t\tclass=\"sow-tabs-tab\n\t\t\t\t\t\t\"\n\t\t\trole=\"tab\"\n\t\t\tdata-anchor-id=\"calendario\"\n\t\t\taria-selected=\"false\"\n\t\t\ttabindex=\"0\"\n\t\t>\n\t\t\t<div class=\"sow-tabs-title sow-tabs-title-icon-left\">\n\t\t\t\t\t\t\t\tCalendario\t\t\t\t\t\t\t<\/div>\n\t\t<\/div>\n\t\t<\/div>\n\n\t<div class=\"sow-tabs-panel-container\">\n\t\t\t<div class=\"sow-tabs-panel\">\n\t\t\t<div\n\t\t\t\tclass=\"sow-tabs-panel-content\"\n\t\t\t\trole=\"tabpanel\"\n\t\t\t\taria-hidden=\"false\"\n\t\t\t>\n\t\t\t\t<p>La titulaci\u00f3n de este curso permite trabajar como asesor t\u00e9cnico en el campo de audiolog\u00eda prot\u00e9sica.<\/p>\n<p>Salidas profesionales que ofrece este curso:<\/p>\n<ul>\n<li>asesor t\u00e9cnico y comercial en gabinete, laboratorio o distribuidor de aud\u00edfonos.<\/li>\n<\/ul>\n\t\t\t<\/div>\n\t\t<\/div>\n\t\t\t<div class=\"sow-tabs-panel\">\n\t\t\t<div\n\t\t\t\tclass=\"sow-tabs-panel-content\"\n\t\t\t\trole=\"tabpanel\"\n\t\t\t\taria-hidden=\"true\"\n\t\t\t>\n\t\t\t\t<h3>M\u00f3dulos comprendidos en el curso:<\/h3>\n<ul>\n<li>INTRODUCCI\u00d3N: T\u00c9RMINOS Y MAGNITUDES EN AUDIOLOG\u00cdA<\/li>\n<li>TIPOS Y CAUSAS DE LA P\u00c9RDIDA AUDITIVA<\/li>\n<li>PRUEBAS DIAGNOSTICAS EXPLORACI\u00d3N DEL PACIENTE<\/li>\n<li>MOLDES, MATERIALES, TIPOS DE MOLDES Y ELECCI\u00d3N DE MOLDES<\/li>\n<li>TAPONES DE BA\u00d1O y TAPONES DE RUIDO<\/li>\n<li>PSICOLOG\u00cdA Y CARACTER\u00cdSTICAS DEL PACIENTE HIPOAC\u00daSICO<\/li>\n<li>ASESORAMIENTO AL PACIENTE Y COLABORACI\u00d3N CON OTROS PROFESIONALES<\/li>\n<li>ELECCI\u00d3N DE AUD\u00cdFONO<\/li>\n<li>PROGRAMACI\u00d3N DE AUD\u00cdFONO<\/li>\n<li>MANTENIMIENTO DE AUD\u00cdFONO<\/li>\n<li>REVISI\u00d3N DE ADAPTACIONES y REHABILITACI\u00d3N AUDITIVA<\/li>\n<li>REPARACI\u00d3N DE AUD\u00cdFONOS<\/li>\n<li>COMPLEMENTOS DE AUD\u00cdFONOS<\/li>\n<li>MARKETING EN AUDIOLOG\u00cdA<\/li>\n<li>VENTA DE AUD\u00cdFONO<\/li>\n<\/ul>\n\t\t\t<\/div>\n\t\t<\/div>\n\t\t\t<div class=\"sow-tabs-panel\">\n\t\t\t<div\n\t\t\t\tclass=\"sow-tabs-panel-content\"\n\t\t\t\trole=\"tabpanel\"\n\t\t\t\taria-hidden=\"true\"\n\t\t\t>\n\t\t\t\t<h3>Requisitos acad\u00e9micos para acceder al curso<\/h3>\n<p>NO SON NECESARIOS CONOCIMIENTOS PREVIOS NI EXPERIENCIA. VALE CUALQUIER NIVEL ACAD\u00c9MICO PREVIO.<\/p>\n\t\t\t<\/div>\n\t\t<\/div>\n\t\t\t<div class=\"sow-tabs-panel\">\n\t\t\t<div\n\t\t\t\tclass=\"sow-tabs-panel-content\"\n\t\t\t\trole=\"tabpanel\"\n\t\t\t\taria-hidden=\"true\"\n\t\t\t>\n\t\t\t\t<p>El periodo de matr\u00edcula est\u00e1 abierto actualmente cons\u00faltanos.<\/p>\n\t\t\t<\/div>\n\t\t<\/div>\n\t\t<\/div>\n<\/div>\n<\/div><\/div><div id=\"panel-4736-2-0-1\" class=\"widget_text so-panel widget widget_custom_html panel-last-child\" data-index=\"6\" ><h3 class=\"widget-title\">Ampliar informaci\u00f3n<\/h3><div class=\"textwidget custom-html-widget\">\n<div class=\"wpcf7 no-js\" id=\"wpcf7-f4960-o1\" lang=\"en-US\" dir=\"ltr\" data-wpcf7-id=\"4960\">\n<div class=\"screen-reader-response\"><p role=\"status\" aria-live=\"polite\" aria-atomic=\"true\"><\/p> <ul><\/ul><\/div>\n<form action=\"\/formacion\/index.php\/wp-json\/wp\/v2\/pages\/4736#wpcf7-f4960-o1\" method=\"post\" class=\"wpcf7-form init\" aria-label=\"Contact form\" novalidate=\"novalidate\" data-status=\"init\">\n<fieldset class=\"hidden-fields-container\"><input type=\"hidden\" name=\"_wpcf7\" value=\"4960\" \/><input type=\"hidden\" name=\"_wpcf7_version\" value=\"6.1\" \/><input type=\"hidden\" name=\"_wpcf7_locale\" value=\"en_US\" \/><input type=\"hidden\" name=\"_wpcf7_unit_tag\" value=\"wpcf7-f4960-o1\" \/><input type=\"hidden\" name=\"_wpcf7_container_post\" value=\"0\" \/><input type=\"hidden\" name=\"_wpcf7_posted_data_hash\" value=\"\" \/>\n<\/fieldset>\n<p><span class=\"wpcf7-form-control-wrap\" data-name=\"your-name\"><input size=\"40\" maxlength=\"400\" class=\"wpcf7-form-control wpcf7-text wpcf7-validates-as-required\" aria-required=\"true\" aria-invalid=\"false\" placeholder=\"Nombre *\" value=\"\" type=\"text\" name=\"your-name\" \/><\/span>\n<\/p>\n<p><span class=\"wpcf7-form-control-wrap\" data-name=\"your-email\"><input size=\"40\" maxlength=\"400\" class=\"wpcf7-form-control wpcf7-email wpcf7-validates-as-required wpcf7-text wpcf7-validates-as-email\" aria-required=\"true\" aria-invalid=\"false\" placeholder=\"Email *\" value=\"\" type=\"email\" name=\"your-email\" \/><\/span>\n<\/p>\n<p><span class=\"wpcf7-form-control-wrap\" data-name=\"Telefono\"><input size=\"40\" maxlength=\"400\" class=\"wpcf7-form-control wpcf7-tel wpcf7-validates-as-required wpcf7-text wpcf7-validates-as-tel\" aria-required=\"true\" aria-invalid=\"false\" placeholder=\"Tel\u00e9fono *\" value=\"\" type=\"tel\" name=\"Telefono\" \/><\/span>\n<\/p>\n<p>Marque el curso o cursos de interes\n<\/p>\n<p><br \/>\n<span class=\"wpcf7-form-control-wrap\" data-name=\"Curso_De_Interes\"><span class=\"wpcf7-form-control wpcf7-checkbox wpcf7-validates-as-required\"><span class=\"wpcf7-list-item first\"><label><input type=\"checkbox\" name=\"Curso_De_Interes[]\" value=\"TS Audiolog\u00eda prot\u00e9sica OFICIAL\" \/><span class=\"wpcf7-list-item-label\">TS Audiolog\u00eda prot\u00e9sica OFICIAL<\/span><\/label><\/span><span class=\"wpcf7-list-item last\"><label><input type=\"checkbox\" name=\"Curso_De_Interes[]\" value=\"T\u00e9cnico asesor Audiolog\u00eda prot\u00e9sica\" \/><span class=\"wpcf7-list-item-label\">T\u00e9cnico asesor Audiolog\u00eda prot\u00e9sica<\/span><\/label><\/span><\/span><\/span>\n<\/p>\n<p><span class=\"wpcf7-form-control-wrap\" data-name=\"your-message\"><textarea cols=\"40\" rows=\"10\" maxlength=\"2000\" class=\"wpcf7-form-control wpcf7-textarea wpcf7-validates-as-required\" aria-required=\"true\" aria-invalid=\"false\" placeholder=\"Mensaje *\" name=\"your-message\"><\/textarea><\/span>\n<\/p>\n<p><input class=\"wpcf7-form-control wpcf7-submit has-spinner\" type=\"submit\" value=\"Enviar.\" \/>\n<\/p><div class=\"wpcf7-response-output\" aria-hidden=\"true\"><\/div>\n<\/form>\n<\/div>\n<\/div><\/div><\/div><\/div><\/div>","protected":false},"excerpt":{"rendered":"<p>INFORMACI\u00d3N GENERAL DE INTER\u00c9S PARA LOS ALUMNOS:Curso ONLINE con clases en directo y totalmente gratuito. Inicio curso Marzo 2022\u00a0 \u00a0 \u00a0 Descargar mas informaci\u00f3n. Inicio curso Abril 2022\u00a0 \u00a0 \u00a0 \u00a0 Descargar mas informaci\u00f3n.\u00a0\u00a0 Inicio curso Junio 2022\u00a0 \u00a0 \u00a0 &hellip; <\/p>\n","protected":false},"author":1,"featured_media":4770,"parent":0,"menu_order":0,"comment_status":"closed","ping_status":"closed","template":"","meta":{"_monsterinsights_skip_tracking":false,"_monsterinsights_sitenote_active":false,"_monsterinsights_sitenote_note":"","_monsterinsights_sitenote_category":0,"footnotes":""},"class_list":["post-4736","page","type-page","status-publish","has-post-thumbnail","hentry"],"yoast_head":"<!-- This site is optimized with the Yoast SEO plugin v25.4 - https:\/\/yoast.com\/wordpress\/plugins\/seo\/ -->\n<title>CURSO INICIACI\u00d3N A LA AUDIOLOGIA - FP Vicente Moya<\/title>\n<meta name=\"robots\" content=\"index, follow, max-snippet:-1, max-image-preview:large, max-video-preview:-1\" \/>\n<link rel=\"canonical\" href=\"https:\/\/fpvicentemoya.es\/formacion\/index.php\/tecnico-asesor-auditivo\/\" \/>\n<meta property=\"og:locale\" content=\"es_ES\" \/>\n<meta property=\"og:type\" content=\"article\" \/>\n<meta property=\"og:title\" content=\"CURSO INICIACI\u00d3N A LA AUDIOLOGIA - FP Vicente Moya\" \/>\n<meta property=\"og:description\" content=\"INFORMACI\u00d3N GENERAL DE INTER\u00c9S PARA LOS ALUMNOS:Curso ONLINE con clases en directo y totalmente gratuito. Inicio curso Marzo 2022\u00a0 \u00a0 \u00a0 Descargar mas informaci\u00f3n. Inicio curso Abril 2022\u00a0 \u00a0 \u00a0 \u00a0 Descargar mas informaci\u00f3n.\u00a0\u00a0 Inicio curso Junio 2022\u00a0 \u00a0 \u00a0 &hellip;\" \/>\n<meta property=\"og:url\" content=\"https:\/\/fpvicentemoya.es\/formacion\/index.php\/tecnico-asesor-auditivo\/\" \/>\n<meta property=\"og:site_name\" content=\"FP Vicente Moya\" \/>\n<meta property=\"article:modified_time\" content=\"2025-07-02T08:54:11+00:00\" \/>\n<meta property=\"og:image\" content=\"https:\/\/fpvicentemoya.es\/formacion\/wp-content\/uploads\/2020\/03\/AUDIOLOGIAVENTAS-e1585667854207.jpg\" \/>\n\t<meta property=\"og:image:width\" content=\"1185\" \/>\n\t<meta property=\"og:image:height\" content=\"790\" \/>\n\t<meta property=\"og:image:type\" content=\"image\/jpeg\" \/>\n<meta name=\"twitter:card\" content=\"summary_large_image\" \/>\n<meta name=\"twitter:label1\" content=\"Tiempo de lectura\" \/>\n\t<meta name=\"twitter:data1\" content=\"2 minutos\" \/>\n<script type=\"application\/ld+json\" class=\"yoast-schema-graph\">{\"@context\":\"https:\/\/schema.org\",\"@graph\":[{\"@type\":\"WebPage\",\"@id\":\"https:\/\/fpvicentemoya.es\/formacion\/index.php\/tecnico-asesor-auditivo\/\",\"url\":\"https:\/\/fpvicentemoya.es\/formacion\/index.php\/tecnico-asesor-auditivo\/\",\"name\":\"CURSO INICIACI\u00d3N A LA AUDIOLOGIA - FP Vicente Moya\",\"isPartOf\":{\"@id\":\"https:\/\/fpvicentemoya.es\/formacion\/#website\"},\"primaryImageOfPage\":{\"@id\":\"https:\/\/fpvicentemoya.es\/formacion\/index.php\/tecnico-asesor-auditivo\/#primaryimage\"},\"image\":{\"@id\":\"https:\/\/fpvicentemoya.es\/formacion\/index.php\/tecnico-asesor-auditivo\/#primaryimage\"},\"thumbnailUrl\":\"https:\/\/fpvicentemoya.es\/formacion\/wp-content\/uploads\/2020\/03\/AUDIOLOGIAVENTAS-e1585667854207.jpg\",\"datePublished\":\"2020-03-31T14:43:57+00:00\",\"dateModified\":\"2025-07-02T08:54:11+00:00\",\"breadcrumb\":{\"@id\":\"https:\/\/fpvicentemoya.es\/formacion\/index.php\/tecnico-asesor-auditivo\/#breadcrumb\"},\"inLanguage\":\"es\",\"potentialAction\":[{\"@type\":\"ReadAction\",\"target\":[\"https:\/\/fpvicentemoya.es\/formacion\/index.php\/tecnico-asesor-auditivo\/\"]}]},{\"@type\":\"ImageObject\",\"inLanguage\":\"es\",\"@id\":\"https:\/\/fpvicentemoya.es\/formacion\/index.php\/tecnico-asesor-auditivo\/#primaryimage\",\"url\":\"https:\/\/fpvicentemoya.es\/formacion\/wp-content\/uploads\/2020\/03\/AUDIOLOGIAVENTAS-e1585667854207.jpg\",\"contentUrl\":\"https:\/\/fpvicentemoya.es\/formacion\/wp-content\/uploads\/2020\/03\/AUDIOLOGIAVENTAS-e1585667854207.jpg\",\"width\":1185,\"height\":790},{\"@type\":\"BreadcrumbList\",\"@id\":\"https:\/\/fpvicentemoya.es\/formacion\/index.php\/tecnico-asesor-auditivo\/#breadcrumb\",\"itemListElement\":[{\"@type\":\"ListItem\",\"position\":1,\"name\":\"Portada\",\"item\":\"https:\/\/fpvicentemoya.es\/formacion\/\"},{\"@type\":\"ListItem\",\"position\":2,\"name\":\"CURSO INICIACI\u00d3N A LA AUDIOLOGIA\"}]},{\"@type\":\"WebSite\",\"@id\":\"https:\/\/fpvicentemoya.es\/formacion\/#website\",\"url\":\"https:\/\/fpvicentemoya.es\/formacion\/\",\"name\":\"FP Vicente Moya\",\"description\":\"Formaci\u00f3n especializada\",\"potentialAction\":[{\"@type\":\"SearchAction\",\"target\":{\"@type\":\"EntryPoint\",\"urlTemplate\":\"https:\/\/fpvicentemoya.es\/formacion\/?s={search_term_string}\"},\"query-input\":{\"@type\":\"PropertyValueSpecification\",\"valueRequired\":true,\"valueName\":\"search_term_string\"}}],\"inLanguage\":\"es\"}]}<\/script>\n<!-- \/ Yoast SEO plugin. -->","yoast_head_json":{"title":"CURSO INICIACI\u00d3N A LA AUDIOLOGIA - FP Vicente Moya","robots":{"index":"index","follow":"follow","max-snippet":"max-snippet:-1","max-image-preview":"max-image-preview:large","max-video-preview":"max-video-preview:-1"},"canonical":"https:\/\/fpvicentemoya.es\/formacion\/index.php\/tecnico-asesor-auditivo\/","og_locale":"es_ES","og_type":"article","og_title":"CURSO INICIACI\u00d3N A LA AUDIOLOGIA - FP Vicente Moya","og_description":"INFORMACI\u00d3N GENERAL DE INTER\u00c9S PARA LOS ALUMNOS:Curso ONLINE con clases en directo y totalmente gratuito. Inicio curso Marzo 2022\u00a0 \u00a0 \u00a0 Descargar mas informaci\u00f3n. Inicio curso Abril 2022\u00a0 \u00a0 \u00a0 \u00a0 Descargar mas informaci\u00f3n.\u00a0\u00a0 Inicio curso Junio 2022\u00a0 \u00a0 \u00a0 &hellip;","og_url":"https:\/\/fpvicentemoya.es\/formacion\/index.php\/tecnico-asesor-auditivo\/","og_site_name":"FP Vicente Moya","article_modified_time":"2025-07-02T08:54:11+00:00","og_image":[{"width":1185,"height":790,"url":"https:\/\/fpvicentemoya.es\/formacion\/wp-content\/uploads\/2020\/03\/AUDIOLOGIAVENTAS-e1585667854207.jpg","type":"image\/jpeg"}],"twitter_card":"summary_large_image","twitter_misc":{"Tiempo de lectura":"2 minutos"},"schema":{"@context":"https:\/\/schema.org","@graph":[{"@type":"WebPage","@id":"https:\/\/fpvicentemoya.es\/formacion\/index.php\/tecnico-asesor-auditivo\/","url":"https:\/\/fpvicentemoya.es\/formacion\/index.php\/tecnico-asesor-auditivo\/","name":"CURSO INICIACI\u00d3N A LA AUDIOLOGIA - FP Vicente Moya","isPartOf":{"@id":"https:\/\/fpvicentemoya.es\/formacion\/#website"},"primaryImageOfPage":{"@id":"https:\/\/fpvicentemoya.es\/formacion\/index.php\/tecnico-asesor-auditivo\/#primaryimage"},"image":{"@id":"https:\/\/fpvicentemoya.es\/formacion\/index.php\/tecnico-asesor-auditivo\/#primaryimage"},"thumbnailUrl":"https:\/\/fpvicentemoya.es\/formacion\/wp-content\/uploads\/2020\/03\/AUDIOLOGIAVENTAS-e1585667854207.jpg","datePublished":"2020-03-31T14:43:57+00:00","dateModified":"2025-07-02T08:54:11+00:00","breadcrumb":{"@id":"https:\/\/fpvicentemoya.es\/formacion\/index.php\/tecnico-asesor-auditivo\/#breadcrumb"},"inLanguage":"es","potentialAction":[{"@type":"ReadAction","target":["https:\/\/fpvicentemoya.es\/formacion\/index.php\/tecnico-asesor-auditivo\/"]}]},{"@type":"ImageObject","inLanguage":"es","@id":"https:\/\/fpvicentemoya.es\/formacion\/index.php\/tecnico-asesor-auditivo\/#primaryimage","url":"https:\/\/fpvicentemoya.es\/formacion\/wp-content\/uploads\/2020\/03\/AUDIOLOGIAVENTAS-e1585667854207.jpg","contentUrl":"https:\/\/fpvicentemoya.es\/formacion\/wp-content\/uploads\/2020\/03\/AUDIOLOGIAVENTAS-e1585667854207.jpg","width":1185,"height":790},{"@type":"BreadcrumbList","@id":"https:\/\/fpvicentemoya.es\/formacion\/index.php\/tecnico-asesor-auditivo\/#breadcrumb","itemListElement":[{"@type":"ListItem","position":1,"name":"Portada","item":"https:\/\/fpvicentemoya.es\/formacion\/"},{"@type":"ListItem","position":2,"name":"CURSO INICIACI\u00d3N A LA AUDIOLOGIA"}]},{"@type":"WebSite","@id":"https:\/\/fpvicentemoya.es\/formacion\/#website","url":"https:\/\/fpvicentemoya.es\/formacion\/","name":"FP Vicente Moya","description":"Formaci\u00f3n especializada","potentialAction":[{"@type":"SearchAction","target":{"@type":"EntryPoint","urlTemplate":"https:\/\/fpvicentemoya.es\/formacion\/?s={search_term_string}"},"query-input":{"@type":"PropertyValueSpecification","valueRequired":true,"valueName":"search_term_string"}}],"inLanguage":"es"}]}},"_links":{"self":[{"href":"https:\/\/fpvicentemoya.es\/formacion\/index.php\/wp-json\/wp\/v2\/pages\/4736","targetHints":{"allow":["GET"]}}],"collection":[{"href":"https:\/\/fpvicentemoya.es\/formacion\/index.php\/wp-json\/wp\/v2\/pages"}],"about":[{"href":"https:\/\/fpvicentemoya.es\/formacion\/index.php\/wp-json\/wp\/v2\/types\/page"}],"author":[{"embeddable":true,"href":"https:\/\/fpvicentemoya.es\/formacion\/index.php\/wp-json\/wp\/v2\/users\/1"}],"replies":[{"embeddable":true,"href":"https:\/\/fpvicentemoya.es\/formacion\/index.php\/wp-json\/wp\/v2\/comments?post=4736"}],"version-history":[{"count":92,"href":"https:\/\/fpvicentemoya.es\/formacion\/index.php\/wp-json\/wp\/v2\/pages\/4736\/revisions"}],"predecessor-version":[{"id":5430,"href":"https:\/\/fpvicentemoya.es\/formacion\/index.php\/wp-json\/wp\/v2\/pages\/4736\/revisions\/5430"}],"wp:featuredmedia":[{"embeddable":true,"href":"https:\/\/fpvicentemoya.es\/formacion\/index.php\/wp-json\/wp\/v2\/media\/4770"}],"wp:attachment":[{"href":"https:\/\/fpvicentemoya.es\/formacion\/index.php\/wp-json\/wp\/v2\/media?parent=4736"}],"curies":[{"name":"wp","href":"https:\/\/api.w.org\/{rel}","templated":true}]}}